) = 6*m**3 + m - 1. Let q = 1 + 0. Let s be j(q). Suppose -2*r + s*r - 572 = 0. Is r a composite number?
True
Let w = 116 + 1. Let p = 74 + w. Suppose -x + 159 = 5*h - 8, 0 = -x + h + p. Is x composite?
True
Let p = -1360 - -1523. Is p a prime number?
True
Let j(a) = -a**3 - 7*a**2 + 3*a. Let b be j(-7). Let s be 88/(-2)*(-2 + b). Suppose 4*m - s = -4*g, 4*g - 4*m - 476 = 568. Is g a prime number?
True
Let n(b) = -2*b**2 + 9*b - 6. Let z be n(4). Let c(u) = 4*u**2 + 2*u + 2. Is c(z) a prime number?
False
Let b(h) = -7*h**2 - 5 + 14 - h**3 + 7*h - 4. Is b(-8) a composite number?
False
Let z = -8 - -10. Is (-6)/(-4) - (-1931)/z a prime number?
True
Let i(y) be the first derivative of y**6/360 + 11*y**5/120 - y**4/24 - y**3/3 + 1. Let d(v) be the third derivative of i(v). Is d(9) a composite number?
False
Suppose 2*z - 3 = -z. Let n = 455 + -450. Suppose 0*s = n*s + 5*a - 30, 0 = -a - z. Is s composite?
False
Is (-3)/2*(11 - 8265) a prime number?
False
Let h be 12/16 - (-51)/12. Suppose 2*k - 3154 = -4*m, -h*m + 5877 = 4*k - 443. Suppose -k = -4*n - n. Is n composite?
False
Let n(k) = -k**2 - 5*k - 1. Let s(v) = v - 12. Let p be s(8). Let u be n(p). Suppose 0*b = u*b - 261. Is b prime?
False
Let s(b) = b**3 + 7*b**2 - 2*b + 6. Suppose 0 = 8*i - 10*i + 16. Let h be s(i). Suppose 2413 = 5*p + 2*g, 2*p + 0*p - h = 3*g. Is p prime?
False
Let w(t) = 51*t + 7. Let n be w(3). Suppose 3*b = -o + 66, -2*o + n = -4*b + 8. Let r = o + 7. Is r a composite number?
False
Suppose 12*h + 41*h = 1113. Suppose 0*n - n + 110 = 0. Let c = n - h. Is c a prime number?
True
Let a = 162 + 157. Let u(w) = -w**3 + 6*w**2 + 7*w. Let h be u(7). Suppose -4*b + 5*t + 1469 = h, -2*b - 5*t + 1076 - a = 0. Is b a composite number?
True
Suppose -4*o + 3633 = i, 4*i + 1033 - 15605 = 4*o. Is i a prime number?
False
Let y(q) = q**2 + q + 21. Let o(z) = 9*z + 2. Let m be o(-3). Let j be (-1 - m)*2/3. Is y(j) prime?
True
Suppose 97 = 5*r - 143. Let q = r + 64. Suppose 3*p - q = -13. Is p a composite number?
True
Let k be 2 - (-2 - -1)/(9 - 8). Suppose 2*h = -3*g + 3*h + 2199, -3*h = k*g - 2199. Is g a composite number?
False
Let x(h) = 19*h**3 + 2*h**2 - 3*h + 1. Let t be x(1). Suppose w = 2*w - t. Is w composite?
False
Let i(t) = 35*t**2 - 5*t + 7. Let d be i(4). Let s = d + 66. Is s a prime number?
True
Let o(q) = -q**3 - 13*q**2 + 14*q - 10. Let r be ((-2)/4)/(2/56). Let b be o(r). Let l(f) = f**2 - 8*f + 14. Is l(b) a prime number?
False
Suppose 4*l - 86 = 418. Suppose -3*v + l = -5*b, 34 = -4*v + 5*v + b. Is v a composite number?
False
Let q(u) = 105*u**2 - 6*u + 44. Is q(3) prime?
True
Let v(b) be the third derivative of -2*b**4/3 + 5*b**3/2 + 4*b**2. Let t(o) = 16*o - 15. Let m(h) = 7*t(h) + 6*v(h). Is m(10) prime?
False
Suppose -4*r = -s + 234, -s - 240 = -2*s - 2*r. Is ((-2)/4)/((-1)/s) a composite number?
True
Let m(s) = -s + 18. Let v be m(14). Suppose 3*x = 2*i + 3327, v*x + 151 = -5*i + 4587. Is x a prime number?
True
Let a be (-3)/((-18)/20)*-9. Let l = 306 - 310. Is 202*(a/l + -4) prime?
False
Let a be (-132)/10*(-1 + 3 - -3). Is ((-12)/24)/(1/a) a composite number?
True
Let w(u) = -217*u**3 - 2*u**2 - u + 1. Let g be w(2). Let m = g - -2452. Is m prime?
False
Let i be 2/5 + (27/(-5) - -5). Suppose 3*x + i*x - 18897 = 0. Is x a prime number?
True
Let i(z) = -z**2 - z + 1. Let h(r) = -5*r**2 - r + 3. Let n(u) = -h(u) + 4*i(u). Let j be n(4). Suppose 2*k + 105 = j*k. Is k prime?
False
Let v = 8909 + -1120. Is v prime?
True
Suppose 0 = 47*x - 2716787 - 1462406. Is x a prime number?
True
Suppose -8*u + 409450 + 311262 = 0. Is u a composite number?
False
Let f = 9472 - 6129. Is f prime?
True
Suppose 10*l = 7*l + 9. Suppose -2*h + 382 = 2*k, -l*k - 2*k = 3*h - 565. Let r = h - 108. Is r a prime number?
False
Let t(k) = -k**2 + 3*k**2 + 9*k**2 - 9*k + k**3 + 1. Let z(r) = r**3 + 12*r**2 - 10*r + 2. Let h(m) = 4*t(m) - 3*z(m). Is h(-6) a prime number?
False
Suppose 4*t = 4*i - 16, 8*t - 3*t - 8 = -2*i. Suppose t*m = m - 93. Let w = m + -34. Is w composite?
False
Let p(x) = 2*x**3 - x**2 - 4*x + 5. Let c(v) = -v**3 + v**2 + 3*v - 4. Let r(h) = -3*c(h) - 2*p(h). Let u be r(0). Suppose -2*n + u = -n. Is n a prime number?
True
Suppose 0 = 27*v - 22*v - 1810. Suppose -427 = -3*i + v. Is i composite?
False
Let r(p) = 1725*p**2 - 27*p + 1. Is r(-3) prime?
True
Let a = -133 - -243. Let m = a + 279. Is m a composite number?
False
Is 184696/32 - 3/(48/(-20)) a composite number?
True
Suppose -3*a = t + 1071, 0 = -5*a + 4*t - 0*t - 1802. Let r be 6/2 + ((-1602)/3)/3. Let o = r - a. Is o composite?
True
Let w = 43580 + 68333. Is w composite?
False
Suppose -3*p = m - 3142, 4*p + 1297 = m - 1810. Is m a composite number?
True
Let t = 610897 - 260414. Is t composite?
True
Let c(s) = 5*s**2 + 257*s + 17. Is c(41) composite?
False
Let g(s) be the first derivative of -129*s**2/2 - 15*s - 11. Is g(-4) a prime number?
False
Let s(u) = -u**2 - u + 5. Let h be s(0). Suppose h*c - 34 - 106 = 0. Let n = 107 - c. Is n a prime number?
True
Suppose 164 - 16 = 4*x. Suppose 32*m = x*m - 14315. Is m a prime number?
False
Is ((-5 + 2)/(-1))/((-7)/(-42623)) composite?
True
Let d = -22 - -15. Let f(s) = 15*s**2 - s + 9. Is f(d) a prime number?
True
Suppose 5*t + 26 = -i, -t + 14 = -4*i - 3*t. Let p be i/(-2)*(36 + -2). Suppose 0 = 19*y - p*y - 2954. Is y prime?
False
Let d(h) = 646*h**3 + 3*h**2 + 7*h - 15. Is d(2) a composite number?
False
Let d(z) = 7*z**2 - 6*z - 9. Let j be d(12). Suppose 0 = -3*a + 3*v + j, 73 = 2*a + v - 539. Is a prime?
True
Is (-1)/((-1)/15267) - 8 a composite number?
False
Let n(v) = 4*v**2 - 3*v. Suppose d - 23 = -3*g, -10 = -5*g + 3*d + d. Let a = -4 + g. Is n(a) a prime number?
False
Suppose 0 = -0*a - a + 540. Suppose -4*c + 26 = -42. Let q = c + a. Is q a composite number?
False
Let y(t) = -t**2 - 2*t + 2. Let b be y(-2). Suppose 2*m - b*n = n + 323, -825 = -5*m + 4*n. Is m a composite number?
True
Suppose -p + 6 = 5. Let q(a) = 320*a**2 + a - 2. Is q(p) a composite number?
True
Let g(v) = -v**3 - 9*v**2 - 5*v + 5. Let o be g(-17). Let l = o + -249. Is l a composite number?
False
Let c(y) = -8*y - 1. Suppose 3*s + 6 = -6. Let b(n) = -7*n - 2. Let l(u) = s*b(u) + 3*c(u). Is l(8) prime?
True
Suppose -3*d - 2*z = -85, -z = -4*d + 53 + 42. Let c = 29 - d. Is (13 + 13)*14/c a composite number?
True
Let b = 10240 + -16827. Is (b/14)/(2/(-4)) a prime number?
True
Let o(s) = -s**2 - s + 1. Let m(z) = -29*z**2 + 15*z - 13. Let v(d) = -m(d) - 4*o(d). Is v(4) a composite number?
True
Let z = 41 - 33. Let h(d) = -1 + 0*d - 4 + 2*d. Is h(z) prime?
True
Is (-319189)/(-52) + 6/8 prime?
False
Let w(r) = -6*r - 23. Let q be w(-5). Let a(d) = 3*d**3 + 8*d**2 - 8*d - 4. Is a(q) a composite number?
False
Let b(c) = -c + 2. Let k be b(0). Let l = -292 + 300. Suppose 0 = k*m + 2 - l. Is m prime?
True
Suppose -1265 = -5*r + 580. Let m = -175 + r. Is m composite?
True
Suppose 30*j = 10*j + 14780. Is j a composite number?
False
Let p(b) = b. Let l(t) = 212*t + 2. Let r(j) = l(j) - 5*p(j). Is r(3) prime?
False
Suppose -m + 5*l + 8503 = 0, 19*m - 20*m - 4*l + 8467 = 0. Is m prime?
False
Let c = 11 - 8. Let k(y) = -9*y**3 + y**2 + 2*y + 1. Let n be k(-1). Suppose n = c*l - 90. Is l composite?
True
Suppose 147 = 3*r - 3*f, -2*f - 134 = -5*r + 123. Let i = -20 + r. Is i prime?
False
Let z = -13031 + 19290. Is z a composite number?
True
Let t(d) = 10*d**3 - 9*d**2 + 6*d - 54. Is t(11) composite?
True
Is (-6 - 81297/(-18)) + (-4)/(-8) prime?
False
Suppose 7*q = 10*q - 34791. Is q composite?
False
Suppose -16*n = 4*n - 762260. Is n a prime number?
True
Let v(m) = m**3 + 15*m**2 + 2*m - 5. Let y = 28 - 14. Let q = -20 + y. Is v(q) a composite number?
False
Suppose 4*p - 5464 = -4*j, -3*p - 18 = -9. Is j prime?
False
Suppose -5*h = -2*h + 651. Let m be (-7 - -7) + h + 0. Let v = 430 + m. Is v a composite number?
True
Suppose 3*l = w - 8275, 26*w = 21*w + 5*l + 41335. Is w prime?
True
Suppose -5*f + 5507 + 2778 = 5*h, 6628 = 4*h - 3*f. Is h a prime number?
True
Suppose -5*o = 39 - 9. Let k = o + 0. Is -4 + (78 - k/(-2)) composite?
False
Suppose 0 = -4*p - 2*p. Suppose -5*o = -p*o - 50. Let k(t) = 35*t + 5. Is k(o) a composite number?
True
Suppose -u + 10 = -5*n, 0*u = 5*u + n + 2. Let f = -217 - -229. Suppose z